{"id":445,"date":"2024-05-19T13:04:27","date_gmt":"2024-05-19T11:04:27","guid":{"rendered":"https:\/\/liiver.com\/vibrasradio\/?page_id=445"},"modified":"2024-05-19T13:04:27","modified_gmt":"2024-05-19T11:04:27","slug":"aviso-legal","status":"publish","type":"page","link":"https:\/\/liiver.com\/vibrasradio\/aviso-legal\/","title":{"rendered":"Aviso Legal"},"content":{"rendered":"<p><strong>1. Informaci\u00f3n General<\/strong><\/p>\n<p>Este aviso legal regula el uso del sitio web <a href=\"http:\/\/www.vibrasradio.com\/\" target=\"_new\" rel=\"noreferrer noopener\">www.vibrasradio.com<\/a> (en adelante, \u00abel Sitio Web\u00bb), propiedad de Vibras Radio (en adelante, \u00abla Empresa\u00bb). Vibras Radio es una empresa dedicada a la publicaci\u00f3n de podcasts de artistas, emisi\u00f3n en directo de programas de radio, realizaci\u00f3n de entrevistas a m\u00fasicos, y gesti\u00f3n de una secci\u00f3n dedicada a artistas.<\/p>\n<p><strong>2. Datos de la Empresa<\/strong><\/p>\n<p>Nombre de la Empresa: Vibras Radio<br \/>\nCorreo Electr\u00f3nico: <a target=\"_new\" rel=\"noreferrer noopener\">contacto@vibrasradio.com<\/a><br \/>\nDomicilio: [Direcci\u00f3n F\u00edsica de la Empresa]<\/p>\n<p><strong>3. Objeto del Sitio Web<\/strong><\/p>\n<p>El Sitio Web tiene como objetivo proporcionar informaci\u00f3n sobre los programas de radio que se emiten en directo, la publicaci\u00f3n de podcasts de diversos artistas, entrevistas a m\u00fasicos y la promoci\u00f3n de artistas a trav\u00e9s de una secci\u00f3n espec\u00edfica. Los artistas pueden acceder a servicios adicionales mediante suscripci\u00f3n, la cual no se gestiona directamente a trav\u00e9s del Sitio Web.<\/p>\n<p><strong>4. Propiedad Intelectual<\/strong><\/p>\n<p>Todos los contenidos del Sitio Web, incluyendo sin limitaci\u00f3n, los textos, gr\u00e1ficos, im\u00e1genes, logotipos, iconos de botones, software, nombres comerciales, marcas o signos distintivos, est\u00e1n protegidos por derechos de propiedad intelectual e industrial. Queda prohibida su reproducci\u00f3n, distribuci\u00f3n, comunicaci\u00f3n p\u00fablica y transformaci\u00f3n, salvo autorizaci\u00f3n expresa de la Empresa.<\/p>\n<p><strong>5. Responsabilidad de los Contenidos<\/strong><\/p>\n<p>La Empresa no se hace responsable del mal uso que se realice de los contenidos del Sitio Web, siendo exclusiva responsabilidad de la persona que acceda a ellos o los utilice. La Empresa no asume responsabilidad alguna por la informaci\u00f3n contenida en sitios web de terceros a los que se pueda acceder a trav\u00e9s de enlaces desde el Sitio Web.<\/p>\n<p><strong>6. Condiciones de Uso del Sitio Web<\/strong><\/p>\n<p>El acceso y uso del Sitio Web es gratuito para los usuarios. No obstante, ciertos servicios est\u00e1n disponibles para los artistas mediante una suscripci\u00f3n pagada, la cual se gestiona de manera independiente al Sitio Web.<\/p>\n<p><strong>7. Pol\u00edtica de Privacidad<\/strong><\/p>\n<p>La Empresa se compromete a proteger la privacidad de los usuarios del Sitio Web. Los datos personales que se recopilen a trav\u00e9s del Sitio Web ser\u00e1n tratados conforme a nuestra Pol\u00edtica de Privacidad, la cual se puede consultar en la secci\u00f3n correspondiente del Sitio Web.<\/p>\n<p><strong>8. Modificaciones<\/strong><\/p>\n<p>La Empresa se reserva el derecho a modificar en cualquier momento el contenido del presente Aviso Legal, por lo que se recomienda a los usuarios revisarlo peri\u00f3dicamente.<\/p>\n<p><strong>9. Legislaci\u00f3n Aplicable y Jurisdicci\u00f3n<\/strong><\/p>\n<p>El presente Aviso Legal se rige por la legislaci\u00f3n vigente en [Pa\u00eds]. Para la resoluci\u00f3n de cualquier disputa que pudiera surgir con respecto a su validez, ejecuci\u00f3n, cumplimiento o resoluci\u00f3n, total o parcial, se someter\u00e1n a la jurisdicci\u00f3n de los Juzgados y Tribunales de [Ciudad], renunciando expresamente las partes a su fuero propio si lo tuvieren.<\/p>\n<p><strong>10. Contacto<\/strong><\/p>\n<p>Para cualquier duda, consulta o reclamaci\u00f3n relativa al contenido del Sitio Web o del presente Aviso Legal, los usuarios pueden ponerse en contacto con la Empresa a trav\u00e9s del correo electr\u00f3nico <a target=\"_new\" rel=\"noreferrer noopener\">contacto@vibrasradio.com<\/a>.<\/p>\n","protected":false},"excerpt":{"rendered":"<p>1. Informaci\u00f3n General Este aviso legal regula el uso del sitio web www.vibrasradio.com (en adelante, \u00abel Sitio Web\u00bb), propiedad de Vibras Radio (en adelante, \u00abla Empresa\u00bb). Vibras Radio es una empresa dedicada a la publicaci\u00f3n de podcasts de artistas, emisi\u00f3n en directo de programas de radio, realizaci\u00f3n de entrevistas a m\u00fasicos, y gesti\u00f3n de una <a href=\"https:\/\/liiver.com\/vibrasradio\/aviso-legal\/\" class=\"more-link\">&#8230;<span class=\"screen-reader-text\">  Aviso Legal<\/span><\/a><\/p>\n","protected":false},"author":1,"featured_media":0,"parent":0,"menu_order":0,"comment_status":"closed","ping_status":"closed","template":"","meta":{"footnotes":""},"class_list":["post-445","page","type-page","status-publish","hentry"],"acf":[],"_links":{"self":[{"href":"https:\/\/liiver.com\/vibrasradio\/wp-json\/wp\/v2\/pages\/445","targetHints":{"allow":["GET"]}}],"collection":[{"href":"https:\/\/liiver.com\/vibrasradio\/wp-json\/wp\/v2\/pages"}],"about":[{"href":"https:\/\/liiver.com\/vibrasradio\/wp-json\/wp\/v2\/types\/page"}],"author":[{"embeddable":true,"href":"https:\/\/liiver.com\/vibrasradio\/wp-json\/wp\/v2\/users\/1"}],"replies":[{"embeddable":true,"href":"https:\/\/liiver.com\/vibrasradio\/wp-json\/wp\/v2\/comments?post=445"}],"version-history":[{"count":1,"href":"https:\/\/liiver.com\/vibrasradio\/wp-json\/wp\/v2\/pages\/445\/revisions"}],"predecessor-version":[{"id":446,"href":"https:\/\/liiver.com\/vibrasradio\/wp-json\/wp\/v2\/pages\/445\/revisions\/446"}],"wp:attachment":[{"href":"https:\/\/liiver.com\/vibrasradio\/wp-json\/wp\/v2\/media?parent=445"}],"curies":[{"name":"wp","href":"https:\/\/api.w.org\/{rel}","templated":true}]}}